299.
1087
Calculate the greatest common factor of 110 and 43054.
22
Calculate the highest common factor of 880 and 51260.
220
Calculate the greatest common factor of 4046 and 192542.
238
What is the greatest common divisor of 455385 and 735?
105
What is the highest common divisor of 32 and 77048?
8
Calculate the greatest common divisor of 17670 and 24510.
570
Calculate the greatest common divisor of 321290 and 380.
190
What is the highest common divisor of 2752 and 18664?
8
What is the highest common divisor of 28 and 145936?
28
Calculate the highest common divisor of 16 and 110516.
4
What is the highest common divisor of 7514552 and 479?
479
What is the highest common divisor of 21938 and 42?
14
Calculate the greatest common factor of 15 and 254745.
15
Calculate the greatest common factor of 128 and 3376.
16
What is the highest common factor of 61761 and 346?
173
What is the greatest common factor of 2265915 and 435?
435
What is the highest common divisor of 1767 and 1425?
57
What is the greatest common factor of 968 and 456?
8
What is the highest common divisor of 6623 and 5728?
179
Calculate the greatest common divisor of 693005 and 170.
85
What is the greatest common divisor of 207394 and 605?
121
Calculate the highest common factor of 36617 and 7.
7
What is the highest common divisor of 1141 and 301?
7
Calculate the greatest common factor of 1350 and 6858.
54
What is the highest common divisor of 17723 and 2775?
37
Calculate the highest common divisor of 32300 and 418.
38
Calculate the greatest common factor of 1294 and 1167835.
647
What is the greatest common factor of 146 and 1625126?
146
Calculate the greatest common divisor of 75 and 130485.
15
Calculate the highest common divisor of 2834 and 10682.
218
What is the greatest common divisor of 1578 and 72?
6
Calculate the highest common factor of 22878 and 155.
31
What is the highest common divisor of 30 and 4533?
3
Calculate the highest common divisor of 260078 and 286.
26
Calculate the greatest common divisor of 52376 and 72.
8
Calculate the greatest common divisor of 1254 and 7581.
57
Calculate the greatest common factor of 734694 and 24.
6
What is the greatest common divisor of 936110 and 105?
35
What is the greatest common factor of 15282 and 1728?
54
What is the greatest common factor of 115056 and 104528?
752
Calculate the greatest common factor of 1539252 and 44.
44
Calculate the greatest common factor of 25760 and 1260.
140
What is the highest common factor of 3998025 and 18?
9
What is the greatest common factor of 234 and 614094?
78
What is the greatest common factor of 504450 and 114?
114
Calculate the highest common divisor of 75720 and 240.
120
Calculate the greatest common divisor of 1176 and 55752.
24
What is the greatest common factor of 285439 and 847?
847
What is the greatest common divisor of 124 and 5363?
31
What is the greatest common factor of 759 and 21505?
253
What is the greatest common divisor of 15010 and 1330?
190
What is the highest common divisor of 440253 and 1023?
33
Calculate the greatest common factor of 3609820 and 20.
20
Calculate the greatest common factor of 519 and 1451816.
173
Calculate the greatest common divisor of 430 and 2941630.
430
What is the highest common divisor of 46502 and 2?
2
Calculate the highest common factor of 44 and 4360.
4
Calculate the greatest common factor of 135 and 518040.
45
Calculate the greatest common factor of 343 and 77959.
49
Calculate the highest common divisor of 348 and 148828.
116
What is the highest common divisor of 3925 and 3611?
157
What is the highest common divisor of 2071 and 40766?
109
What is the highest common factor of 6885 and 2349?
81
What is the highest common factor of 23613 and 85?
17
What is the highest common divisor of 2092160 and 70?
70
What is the greatest common factor of 10004 and 4636?
244
Calculate the greatest common factor of 5992434 and 1162.
1162
Calculate the highest common factor of 38285 and 1521325.
2015
What is the greatest common divisor of 41888 and 343?
7
Calculate the highest common factor of 15776 and 31088.
464
Calculate the greatest common factor of 6796904 and 232.
232
Calculate the greatest common divisor of 4 and 33898.
2
What is the highest common divisor of 46728 and 2?
2
Calculate the greatest common divisor of 38 and 224466.
38
What is the greatest common divisor of 21784 and 515036?
1556
Calculate the greatest common factor of 148850 and 78.
26
Calculate the greatest common divisor of 5415 and 26391.
57
Calculate the highest common factor of 505909 and 101.
101
Calculate the highest common factor of 16053 and 6.
3
What is the greatest common divisor of 14081403 and 21?
21
Calculate the highest common divisor of 114 and 1501418.
38
Calculate the highest common divisor of 2898 and 42354.
18
Calculate the highest common divisor of 760 and 311980.
380
What is the greatest common factor of 59 and 712189?
59
Calculate the highest common divisor of 98 and 82334.
14
What is the highest common divisor of 96 and 315120?
48
What is the highest common divisor of 574756 and 2184?
364
Calculate the highest common factor of 41764 and 8668.
788
What is the highest common factor of 108 and 3303?
9
What is the greatest common divisor of 10 and 60340?
10
What is the greatest common factor of 8710 and 24120?
670
Calculate the greatest common divisor of 4259064 and 1032.
1032
Calculate the highest common factor of 32 and 2476.
4
Calculate the highest common divisor of 1112 and 3376.
8
What is the highest common factor of 2 and 61374?
2
What is the greatest common divisor of 2216 and 8?
8
What is the greatest common factor of 209931 and 399?
57
What is the greatest common divisor of 3098714 and 2476?
1238
What is the highest common factor of 1008 and 119?
7
Calculate the highest common factor of 20 and 137924.
4
What is the greatest common factor of 2002 and 7553?
91
Calculate the greatest common factor of 6496 and 2128.
112
Calculate the greatest common factor of 125424 and 201.
201
What is the highest common factor of 17147 and 132?
1
What is the greatest common divisor of 61 and 11750857?
61
Calculate the highest common divisor of 118266 and 230.
46
Calculate the greatest common factor of 4632 and 1608.
24
Calculate the highest common factor of 256 and 7872.
64
What is the highest common factor of 1730664 and 258?
258
Calculate the greatest common divisor of 54017 and 19.
19
What is the greatest common divisor of 200353 and 341?
31
What is the greatest common factor of 590 and 12860?
10
What is the highest common factor of 363 and 158763?
33
What is the greatest common factor of 642824 and 182?
182
What is the greatest common factor of 988 and 10?
2
What is the highest common factor of 2925 and 6175?
325
Calculate the highest common factor of 143796 and 483.
69
What is the highest common factor of 323344 and 1736?
56
Calculate the highest common factor of 228 and 9158.
38
What is the highest common factor of 71668 and 684?
76
Calculate the greatest common factor of 28223 and 2873.
169
What is the greatest common factor of 38092 and 10700?
428
Calculate the greatest common factor of 42500 and 136.
68
Calculate the greatest common factor of 273278 and 214.
214
What is the highest common factor of 543315 and 75?
15
Calculate the greatest common divisor of 25170 and 90.
30
What is the greatest common divisor of 97779 and 1617?
33
Calculate the greatest common factor of 5740 and 322.
14
Calculate the highest common factor of 396 and 527373.
99
Calculate the highest common factor of 1535 and 18830.
5
What is the highest common divisor of 40 and 5616840?
40
Calculate the highest common divisor of 514359 and 134.
67
Calculate the highest common factor of 14547 and 104.
13
What is the greatest common divisor of 395 and 12561?
79
Calculate the greatest common divisor of 1547 and 7553.
91
What is the highest common factor of 17384 and 636?
212
What is the highest common divisor of 653045 and 52750?
1055
Calculate the highest common divisor of 11679 and 1603.
229
What is the highest common divisor of 133 and 215232?
19
What is the highest common factor of 14 and 170597?
7
What is the greatest common divisor of 62972 and 10556?
364
What is the greatest common divisor of 2565126 and 93?
93
W